alue of -1 + (-2 - -1) - (-67 - -62)?
3
What is (1 - (3 + 1 + -1)) + -1?
-3
What is (0 - -1 - 5) + 23 + -17?
2
2 - (0 + 3 - -6 - 2)
-5
What is -2 - 2 - (-5 + 4 + -3)?
0
What is the value of 4 - (-3 - (-2 - 7))?
-2
Calculate 9 + (0 - -3) + 0 + -5.
7
39 + -37 + 0 + -2
0
-2 - 10 - -5 - (-1 + 0)
-6
Calculate 0 + -2 - (7 + -14).
5
Calculate -16 + 17 + (1 - 1).
1
Calculate (4 - (-5 + 2)) + -8 + 2.
1
Evaluate (1 - -3) + -3 + -2.
-1
Calculate (7 - 8) + -1 + 1.
-1
What is the value of 3 - (-6 + -4 + -3 + 10)?
6
What is 6 + -18 + (-5 - -15 - 6)?
-8
What is the value of (0 - 7) + 12 + 2 + -6?
1
What is 0 + (4 - (-3 - -7))?
0
What is the value of 8 + 0 - (7 - 4)?
5
-4 - (-2 - 3 - 1)
2
What is the value of 2 - (-3 + 9) - -6?
2
-1 + 6 + -6 - -4
3
What is the value of 4 + 2 - (4 - -1)?
1
-1 - -5 - (-1 - -18 - 20)
7
-4 + 7 - (3 - (-2 + 3))
1
Evaluate -6 + (-7 - -7) + 4 + 0.
-2
What is the value of (-10 - (1 + -8)) + -1 + -1?
-5
What is the value of 1 + (-17 - -22 - (-1 + 6))?
1
What is (7 - 2 - 9) + 13?
9
What is the value of -1 + -4 + -2 + 9 - 3?
-1
What is the value of 2 + (-7 - -2) - -6?
3
Calculate 2 + (9 + -9 - -4).
6
3 - (5 - (-5 + 0 + 8))
1
What is the value of 2 - ((5 - 6) + -1) - 5?
-1
What is (0 - (4 + 0)) + (1 - -5)?
2
Evaluate -8 + 8 + (2 - 2) - 1.
-1
What is -6 + -3 + (0 - 0 - -4)?
-5
Calculate -6 + (4 - -1) + (2 - -1).
2
Evaluate 39 + -42 - (-6 + 0).
3
-3 - -8 - (-4 + 5)
4
What is 60 + -61 + 6 + 0?
5
Calculate (-4 - 2) + 2 + 0.
-4
What is (-8 - -16) + -9 + 1?
0
-8 + 2 - 5 - -13
2
Calculate 89 + -78 - (1 + 6).
4
What is the value of -1 - (-7 - (5 + -6) - -2)?
3
Evaluate -6 + 3 - 0 - 0.
-3
6 + -12 + 7 - (-2 - -6)
-3
What is the value of -6 + (1 - (-1 - 4))?
0
Evaluate -1 + -1 + 2 - (22 - 23).
1
0 - -8 - 0 - 7
1
Evaluate -12 + (5 - -9) - (-1 - -2).
1
Calculate -1 - (2 - -3 - 0).
-6
What is the value of -4 - (-13 - -6 - -3)?
0
What is -1 - (10 - (8 - 4)) - -12?
5
What is 0 + -4 + 3 + (-2 - 0)?
-3
Calculate (-14 - -19) + (1 - 6 - 1).
-1
(6 - (-1 + 2)) + -3
2
Evaluate -3 - 5 - 1 - -4.
-5
Evaluate -1 + -2 + 78 + -66 - 3.
6
Evaluate -8 - (-2 - (1 + 0)).
-5
Evaluate (1 - 5) + -6 + 2 - -5.
-3
Calculate 6 + -2 - (-4 + 10) - -4.
2
What is 8 - 4 - (3 + -4) - 0?
5
What is the value of 2 - (-3 - (-3 + (-6 - -2)))?
-2
Calculate (7 - 5 - -15) + -10.
7
What is the value of (-9 - 5) + 13 + 0 + -1?
-2
What is (8 - 4) + -2 + -2?
0
4 + 8 + -9 + 0
3
Evaluate (10 - (-1 - -2)) + -4.
5
What is 1 + -1 + -5 + (-38 - -37)?
-6
Calculate 9 - (0 - 7 - -11).
5
What is the value of (-6 - ((-6 - -11) + -13)) + -2?
0
-6 + 11 + 11 + -13
3
Evaluate -1 - (0 - -4) - (23 + -24).
-4
3 - (-1 - (2 - 0) - -5)
1
Evaluate -2 - (3 - (-1 - -3)).
-3
Evaluate 1 + -3 + -4 + 9 - 1.
2
Calculate 68 + -65 + -2 + 0.
1
What is the value of 0 + 2 - (18 + -6 - 6)?
-4
What is the value of 7 - (-5 - -8) - 6?
-2
-1 + (-1 - 0 - (-4 + 1))
1
What is (1 - 5) + 5 + 2?
3
What is the value of (-10 - -14) + (1 + -1 - 3)?
1
What is 2 + 4 + 11 + -28 + 10?
-1
What is 1 + 5 + -15 + 12?
3
-3 - (-1 + 3 - 12)
7
What is the value of 0 - (-1 - (-4 - -2))?
-1
Evaluate (0 - -7 - 3) + -2 + -1.
1
Evaluate 7 + (-6 - -3) + 3.
7
Calculate 1 - ((2 - 5) + 0 + 4).
0
What is the value of -16 - (-8 - (10 + -6))?
-4
-2 + 3 + -2 - -1 - -5
5
Calculate (1 - 6) + (15 - (3 + 10)).
-3
8 - (7 - 3) - 3
1
What is the value of 3 - ((-2 - (0 - 2)) + 3)?
0
(6 + -8 - (0 - -2)) + 2
-2
What is the value of -6 + -6 + 30 + -9?
9
What is the value of 3 + (-8 - -2) + -2 + -1?
-6
What is the value of (5 - -2) + -5 - (1 - 3)?
4
Calculate 9 - (-4 + 1 + (-32 - -38)).
6
What is (-10 - (-1 + -2 + 1)) + 3?
-5
-6 + 4 + -1 - 3
-6
Evaluate -13 + 0 + -6 + 17.
-2
What is the value of (-6 - -7 - 4) + -3?
-6
Evaluate 1 + -5 - (2 - 1 - 1).
-4
What is (-4 - -13) + 0 + -5?
4
What is the value of -8 - (-6 - (8 - 13))?
-7
Calculate (-2 - 0) + -1 + 1 - 1.
-3
15 + -10 + -3 + 0 - 1
1
(-2 - (-1 - 3)) + -6
-4
0 + 0 + 2 + (4 - 5)
1
(-11 - -8) + -1 + 4
0
Calculate 14 + -12 + -3 + 4 + -2.
1
What is 0 + 7 + (11 - 23)?
-5
What is -2 + -1 + 2 + (7 - 5)?
1
What is the value of 1 + -4 + (0 - -3)?
0
Calculate 9 - (3 + -4) - 14.
-4
Evaluate -3 - (-3 - (-1 - 4) - 1).
-4
What is (6 - (-1 + 3 + 3)) + -4?
-3
What is the value of -4 + 2 + -1 + (6 - 1)?
2
-26 + 31 - (-2 + 2 + 6)
-1
What is the value of -3 - ((6 - 13) + 6 - 3)?
1
Evaluate (6 - (17 - 3)) + 6 - -6.
4
Calculate -6 + 4 + 4 - 7.
-5
-3 + -1 + (3 + 5 - 4)
0
Calculate 10 - 3 - (-1 + 6).
2
What is the value of -4 - -6 - 4 - (1 + 1)?
-4
Evaluate (10 - 2) + 1 + (-4 - 0).
5
What is the value of (0 - -2) + 2 + -5?
-1
-3 + 1 + (-1 - (1 - 5))
1
(-1 + -1 - 0) + 3 + -3
-2
What is -25 + 29 + -5 + -1 + 5?
3
Calculate -5 + 3 - (0 + (-5 - -2)).
1
Calculate 11 + (2 - 12) + 1.
2
Evaluate -1 + 1 + -10 + 3 + 3.
-4
What is the value of 2 - (0 - (-1 - 5))?
-4
What is 7 + -10 + (-1 - 0) + 1?
-3
Calculate 1 + 3 + -6 + -6 + 3.
-5
Evaluate 0 + (1 - 2) + 43 + -42.
0
42 - 46 - (-1 + 0 - 3)
0
What is 3 + -4 + -3 + 7?
3
What is the value of (6 - 4 - (-1 + 6)) + 8?
5
-8 + (16 + -8 - -5)
5
-5 + 10 + (19 - 14)
10
2 - ((12 - 6) + -7)
3
Evaluate 0 + -10 + -1 + 2.
-9
What is the value of -3 - (-3 - (-3 - -2) - -3)?
-4
Calculate 15 + -3 + -24 - -10.
-2
Calculate -5 + -4 + (0 - 2) + 2.
-9
Calculate (-27 - -28) + 0 + -3.
-2
What is the value of 9 - (-2 - (2 - 12))?
1
Calculate 9 + -2 - (2 + 6).
-1
Calculate -3 - (-4 + 4 - (-5 + 6)).
-2
0 - 2 - ((-7 - -2) + 2)
1
-1 + 11 + -8 + (-5 - 2)
-5
18 + (-10 - (-3 - -6))
5
Evaluate 1 - (-2 + 8 - 8).
3
Calculate 1 - (-4 + 3 - -3).
-1
What is the value of 3 + -3 + 3 + -6?
-3
What is -12 - -6 - (3 - 2)?
-7
Evaluate 0 + 5 - -1 - 12.
-6
What is 3 - (-16 - -12) - (6 - -2)?
-1
1 + (5 - 4) + -8
-6
Calculate (1 - 3) + -8 + 6 - 1.
-5
Calculate 3 - (2 - (-1 - -3)).
3
What is -3 + -2 + 5 - 4?
-4
What is the value of -1 - (-1 + 2) - -8?
6
Calculate 2 + (2 - (13 + -3 - 3)).
-3
Evaluate -1 - (-9 - -6) - 4.
-2
What is the value of (0 - -2 - 2) + -1?
-1
What is the value of (1 - 5) + 10 + -11 - -3?
-2
What is (0 - 1) + -2 + -9 + 6?
-6
Evaluate -1 + -1 + -3 + 6.
1
What is -4 + (-3 - (-8 + 6)) + 12?
7
2 + (5 - 6) + (3 - 4)
0
Calculate (4 - 1 - -3) + -4 + -6.
-4
Evaluate -3 + (-3 - -4 - -1).
-1
What is the value of 0 + 2 - (1 + 2 - 4)?
3
Calculate (-2 - -3) + (16 - 11).
6
Evaluate -4 - (-4 + (-1 - 1)).
2
What is the value of -3 - (-1 + -6 + 6)?
-2
What is -5 + 1 + -3 + 3?
-4
1 - (13 + -2 + -4 - 2)
-4
Evaluate -18 + 8 - (-3 - 3).
-4
Evaluate (-1 - 2) + 5 + -6.
-4
Calculate -1 - (-4 + 1 + 0 + 0).
2
What is 6 - (-3 + 12 - 5)?
2
-3 + (-3 + -9 - -9)
-6
-3 + -6 - (1 + -2 + -4)
-4
0 + -3 + -16 + 10
-9
What is the value of 5 + -6 + -1 + 2 + -4?
-4
What is -8 + (19 - (10 + -5))?
6
-2 + 1 + 1 - (-8 + 11)
-3
What is 0 + (5 - (4 - 2))?
3
What is 61 + -53 - (12 + 1)?
-5
Calculate 4 + 2 - (-2 - -10).
-2
Evaluate 3 - 0 - -6 - 16.
-7
What is 1 - (1 - 0) - 2?
-2
Evaluate -1 - (1 + 2) - (20 + -18).
-6
Evaluate (6 - 7) + (1 - -1) + 0.
1
What is the value of -3 + 1 + 1 - 3 - -4?
0
9 + -8 + 0 + -5 + -1
-5
What is 25 + -17 + -1 + -1?
6
What is 1 - (-4 - -4 - 2)?
3
-3 - (-2 + (0 - 0))
-1
What is the value of 19 + -7 + -5 + -5 + 1?
3
Calculate (-3 - 1) + -3 + (8 - -1).
2
What is 2 + 2 + (-8 - (0 + 0))?
-4
What is 4 + -1 + -7 + 2?
-2
What is the value of (5 + -6 - 5) + (2 - -3)?
-1
-8 - (15 + -5 - 11)
-7
What is the value of -3 + (7 - 9) - (-2 + -10)?
7
Evaluate -3 - (-3 - ((-3 - -3) + -2)).
-2
Calculate (12 - 6) + -15 + 5.
-4
Evaluate 0 - (0 + -4 - (-19 + 17)).
2
What is 3 - (11 - (5 - (1 + 2)))?
-6
Calculate (-13 - -1) + (1 - (-12 + 7)).
-6
Evaluate 1 + -2 + 0 + 4.
3
What is 0 - (5 + -10 - -10 - 3)?
-2
Calculate 2 - -4 - (-3 + 4).
5
Calculate 8 + -5 + -5 + 2.
0
Calculate -4 - -3 - (-2 - 2 - -6).
-3
What is the value of 10 + -12 - (-1 + 0)?
-1
(-11 - (-5 + -2)) + -2
-6
Evaluate 0 + 6 + (-5 - 0).
1
Evaluate 2 - -2 - (0 - 0).
4
What is the value of -7 - ((-4 - -2) + 2) - -3?
-4
0 + 3 - (1 - (-14 - -8))
-4
Evaluate (3 + -2 - 7) + 10.
4
Evaluate 6 - (-3 + 1 + 14).
-6
Evaluate 11 + -2 - (6 + 0).
3
What is the value of 24 + -9 + -9 + -8?
-2
1 + -2 - -1 - (-2 + -1)
3
What is 0 - (6 - (-5 + 6))?
-5
Calculate -1 + 7 - (37 - 28) - 1.
-4
Calculate 2 - (0 + 0 - 1).
3
What is 0 + 11 - (19 - 15)?
7
What is (1 - -10 - 1) + (-102 - -98)?
6
Calculate -3 - (-7 - (-2 + -4)).
-2
1 + (1 - (-